t 2 (base 10) to base 7.
2
22 (base 10) to base 14
18
Convert 10 (base 2) to base 10.
2
What is -45 (base 8) in base 10?
-37
Convert 1 (base 5) to base 9.
1
Convert -a (base 15) to base 2.
-1010
Convert -13 (base 12) to base 2.
-1111
What is -1 (base 3) in base 11?
-1
3 (base 13) to base 12
3
-22 (base 4) to base 13
-a
What is -19 (base 13) in base 14?
-18
What is 3 (base 4) in base 9?
3
Convert -11 (base 2) to base 3.
-10
5 (base 6) to base 14
5
-3 (base 15) to base 4
-3
1 (base 7) to base 9
1
-5 (base 16) to base 15
-5
1 (base 16) to base 5
1
What is -75 (base 15) in base 10?
-110
What is -12 (base 3) in base 12?
-5
1 (base 10) to base 2
1
Convert -9 (base 16) to base 11.
-9
Convert -6 (base 10) to base 16.
-6
What is 4 (base 8) in base 10?
4
5 (base 13) to base 12
5
0 (base 5) to base 10
0
What is 3 (base 10) in base 16?
3
What is 43 (base 5) in base 12?
1b
Convert 100 (base 2) to base 15.
4
What is 67 (base 11) in base 10?
73
Convert -5 (base 6) to base 14.
-5
-54 (base 15) to base 9
-87
1033 (base 4) to base 8
117
What is 42 (base 6) in base 2?
11010
Convert -6 (base 14) to base 3.
-20
Convert 4 (base 10) to base 11.
4
Convert -37 (base 15) to base 6.
-124
-100110 (base 2) to base 9
-42
What is -13 (base 6) in base 12?
-9
What is 6 (base 15) in base 9?
6
-1e (base 15) to base 3
-1002
What is -2 (base 4) in base 12?
-2
Convert 45 (base 13) to base 11.
52
-5 (base 13) to base 15
-5
What is 11 (base 2) in base 4?
3
Convert 36 (base 16) to base 5.
204
-39 (base 11) to base 12
-36
-36 (base 11) to base 14
-2b
What is 4 (base 13) in base 8?
4
-126 (base 13) to base 11
-173
What is 10 (base 10) in base 5?
20
What is 3 (base 6) in base 11?
3
Convert -10 (base 4) to base 8.
-4
Convert -2 (base 11) to base 6.
-2
-c (base 15) to base 13
-c
What is 3 (base 14) in base 11?
3
4 (base 15) to base 11
4
Convert -28 (base 9) to base 4.
-122
What is 165 (base 8) in base 12?
99
Convert -122 (base 3) to base 9.
-18
-3 (base 11) to base 6
-3
Convert 48 (base 10) to base 5.
143
Convert 10 (base 5) to base 15.
5
Convert -162 (base 10) to base 6.
-430
313 (base 8) to base 16
cb
What is 142 (base 5) in base 11?
43
-131 (base 5) to base 4
-221
Convert 5e (base 16) to base 12.
7a
-1022 (base 3) to base 13
-29
Convert 90 (base 12) to base 15.
73
Convert -18 (base 15) to base 5.
-43
Convert 235 (base 8) to base 3.
12211
6 (base 14) to base 10
6
Convert 85 (base 12) to base 14.
73
-1 (base 9) to base 3
-1
What is -1220 (base 3) in base 10?
-51
What is -30 (base 4) in base 9?
-13
Convert 4 (base 7) to base 9.
4
Convert -32 (base 4) to base 14.
-10
Convert 25 (base 13) to base 3.
1011
What is 11 (base 5) in base 3?
20
What is -3 (base 15) in base 6?
-3
Convert -2 (base 10) to base 3.
-2
-5 (base 8) to base 12
-5
Convert 111101 (base 2) to base 16.
3d
10111 (base 2) to base 15
18
Convert 11 (base 2) to base 11.
3
What is -17 (base 16) in base 9?
-25
What is -264 (base 7) in base 16?
-90
Convert -226 (base 10) to base 3.
-22101
Convert 5 (base 13) to base 11.
5
What is 36 (base 11) in base 12?
33
What is 65 (base 15) in base 16?
5f
What is -11 (base 2) in base 4?
-3
Convert 4 (base 9) to base 8.
4
What is d (base 14) in base 5?
23
What is -25 (base 8) in base 7?
-30
Convert -4 (base 12) to base 8.
-4
What is -1 (base 11) in base 14?
-1
Convert -15 (base 6) to base 4.
-23
100101 (base 2) to base 14
29
Convert 3 (base 10) to base 3.
10
What is 3013 (base 5) in base 8?
577
110000 (base 2) to base 15
33
13 (base 9) to base 6
20
What is 14 (base 5) in base 4?
21
Convert -46 (base 13) to base 8.
-72
What is -56 (base 7) in base 16?
-29
Convert 2 (base 7) to base 3.
2
What is -1 (base 4) in base 7?
-1
53 (base 16) to base 13
65
15 (base 10) to base 4
33
What is 284 (base 9) in base 16?
ee
What is -2 (base 8) in base 7?
-2
42 (base 15) to base 5
222
What is -c6 (base 15) in base 8?
-272
Convert -34 (base 7) to base 12.
-21
Convert -42 (base 10) to base 11.
-39
Convert 5 (base 14) to base 7.
5
-151 (base 7) to base 12
-71
What is 3 (base 10) in base 3?
10
What is 304 (base 10) in base 2?
100110000
Convert 224 (base 11) to base 2.
100001100
What is 6 (base 15) in base 5?
11
Convert 1 (base 16) to base 3.
1
What is -1 (base 12) in base 10?
-1
What is -8 (base 15) in base 13?
-8
Convert -64 (base 13) to base 11.
-75
108 (base 14) to base 5
1304
Convert -118 (base 14) to base 13.
-13a
Convert -2111 (base 3) to base 12.
-57
12 (base 8) to base 2
1010
-10000010 (base 2) to base 9
-154
What is 74 (base 12) in base 14?
64
Convert 41 (base 10) to base 6.
105
Convert 11020 (base 3) to base 5.
424
c8 (base 14) to base 6
452
What is -25 (base 12) in base 10?
-29
Convert 20 (base 4) to base 10.
8
What is 12 (base 7) in base 3?
100
Convert 14 (base 5) to base 8.
11
-114 (base 5) to base 4
-202
What is -100 (base 3) in base 13?
-9
What is -201 (base 4) in base 16?
-21
4 (base 11) to base 16
4
6 (base 9) to base 6
10
130 (base 9) to base 11
99
12 (base 12) to base 11
13
Convert -330 (base 8) to base 16.
-d8
What is -4 (base 13) in base 5?
-4
43 (base 12) to base 4
303
What is -21 (base 7) in base 2?
-1111
Convert 11 (base 5) to base 7.
6
-3 (base 10) to base 13
-3
What is 3 (base 4) in base 12?
3
Convert -42 (base 15) to base 10.
-62
-2 (base 14) to base 4
-2
What is -1 (base 9) in base 3?
-1
What is 327 (base 9) in base 7?
532
What is -107 (base 9) in base 5?
-323
-333 (base 4) to base 13
-4b
-10 (base 9) to base 3
-100
Convert -16 (base 15) to base 12.
-19
What is 2 (base 3) in base 6?
2
d4 (base 16) to base 2
11010100
Convert 51 (base 15) to base 10.
76
What is -4 (base 16) in base 14?
-4
-4 (base 12) to base 4
-10
-2 (base 5) to base 10
-2
-212 (base 4) to base 8
-46
-2 (base 11) to base 10
-2
19 (base 10) to base 13
16
54 (base 9) to base 3
1211
Convert -38 (base 10) to base 6.
-102
What is -1 (base 15) in base 8?
-1
Convert 0 (base 5) to base 12.
0
Convert 133 (base 4) to base 10.
31
What is -6 (base 8) in base 2?
-110
-100 (base 5) to base 7
-34
Convert 0 (base 7) to base 5.
0
11 (base 3) to base 2
100
What is 139 (base 11) in base 16?
a3
1c (base 15) to base 2
11011
-2 (base 14) to base 3
-2
11 (base 6) to base 12
7
Convert -12 (base 11) to base 13.
-10
Convert 0 (base 14) to base 13.
0
What is 41 (base 11) in base 2?
101101
Convert 22 (base 12) to base 8.
32
Convert -374 (base 8) to base 12.
-190
-115 (base 10) to base 13
-8b
-154 (base 14) to base 7
-534
-1 (base 4) to base 15
-1
Convert -8 (base 16) to base 9.
-8
Convert 4 (base 16) to base 6.
4
1 (base 4) to base 6
1
-1 (base 8) to base 5
-1
-c (base 14) to base 11
-11
What is -160 (base 7) in base 6?
-231
Convert 3 (base 9) to base 5.
3
Convert -1100001 (base 2) to base 6.
-241
What is -5b (base 15) in base 11?
-79
What is 20 (base 16) in base 9?
35
100101 (base 3) to base 15
11d
304 (base 7) to base 12
107
212 (base 4) to base 7
53
What is 0 (base 7) in base 4?
0
Convert c (base 15) to base 6.
20
Convert -32 (base 8) to base 9.
-28
Convert -d5 (base 14) to base 11.
-160
What is -102 (base 4) in base 10?
-18
Convert 170 (base 15) to base 10.
330
Convert -10 (base 14) to base 4.
-32
What is 55 (base 13) in base 4?
1012
Convert 3c (base 16) to base 10.
60
What is 2 (base 14) in base 13?
2
Convert 75 (base 10) to base 15.
50
2122 (base 3) to base 2
1000111
115 (base 7) to base 3
2021
Convert -162 (base 8) to base 16.
-72
What is 5 (base 12) in base 4?
11
What is -315 (base 9) in base 13?
-16a
-5 (base 14) to base 12
-5
Convert -114 (base 7) to base 6.
-140
114 (base 8) to base 10
76
-1e (base 16) to base 5
-110
Convert -1000 (base 2) to base 6.
-12
What is -3 (base 9) in base 3?
-10
What is 13 (base 16) in base 7?
25
What is 9 (base 10) in base 16?
9
What is -341 (base 5) in base 6?
-240
What is -2 (base 10) in base 13?
-2
What is -134 (base 12) in base 5?
-1214
What is d (base 14) in base 7?
16
Convert -82 (base 11) to base 4.
-1122
-22 (base 11) to base 10
-24
What is -104 (base 9) in base 14?
-61
What is -115 (base 14) in base 13?
-137
Convert -14 (base 6) to base 2.
-1010
Convert -145 (base 9) to base 2.
-1111010
Convert 48 (base 12) to base 5.
211
Convert 5 (base 6) to base 16.
5
Convert 1111 (base 3) to base 10.
40
What is -11 (base 3) in base 11?
-4
-3 (base 13) to base 4
-3
Convert -1 (base 4) to base 15.
-1
What is 1 (base 